{"id":285,"date":"2011-02-19T19:15:50","date_gmt":"2011-02-19T18:15:50","guid":{"rendered":"https:\/\/szelkialto.hu\/wordpress\/?page_id=285"},"modified":"2022-12-09T11:33:19","modified_gmt":"2022-12-09T10:33:19","slug":"bukfenc","status":"publish","type":"page","link":"https:\/\/szelkialto.hu\/?page_id=285","title":{"rendered":"BUKFENC (LP\/MC 1987)"},"content":{"rendered":"<p><!--\n\n\n<div style=\"width: 100%; margin-top: 20px;\">\n\n\n<div style=\"width: 50%; text-align: left; float: left;\"><img loading=\"lazy\" decoding=\"async\" src=\"images\/bukfenc.jpg\" alt=\"\" width=\"180\" height=\"180\" border=\"1\" \/>\n\n\n<p style=\"margin-top: 20px;\">A felv\u00e9tel a <strong>HUNGAROTON Rottenbiller Utcai St\u00fadi\u00f3j\u00e1ban<\/strong> k\u00e9sz\u00fclt.<\/p>\n\n\n<\/div>\n\n\n\n\n<div style=\"width: 50%; text-align: left; float: right;\">\n\n\n<p style=\"font-weight: bold;\">A oldal<\/p>\n\n\n\n\n<ol>\n\t\n\n<li style=\"font-style: italic;\">Bek\u00f6sz\u00f6nt\u0151 (Berze Nagy J\u00e1nos gy\u0171jt\u00e9se)<\/li>\n\n\n\t\n\n<li style=\"font-style: italic;\">We\u00f6res S\u00e1ndor: Reg\u00e9l\u0151<\/li>\n\n\n\t\n\n<li style=\"font-style: italic;\">Orb\u00e1n Ott\u00f3: Fa\u00e1llatok<\/li>\n\n\n\t\n\n<li style=\"font-style: italic;\">Veress Mikl\u00f3s: A zs\u00e1k \u00e9s a folt<\/li>\n\n\n\t\n\n<li style=\"font-style: italic;\">Tamk\u00f3 Sirat\u00f3 K\u00e1roly: Kong\u00f3-bolt<\/li>\n\n\n\t\n\n<li style=\"font-style: italic;\">E\u00f6rsi Istv\u00e1n: Hogyan k\u00e9sz\u00fcl a vers?<\/li>\n\n\n\t\n\n<li style=\"font-style: italic;\">Galambosi L\u00e1szl\u00f3: Sz\u00ednorsz\u00e1g<\/li>\n\n\n\t\n\n<li style=\"font-style: italic;\">Tamk\u00f3 Sirat\u00f3 K\u00e1roly: T\u00f6vi \u00e9s Hegyi<\/li>\n\n\n\t\n\n<li style=\"font-style: italic;\">We\u00f6res S\u00e1ndor: Tavaszk\u00f6sz\u00f6nt\u0151<\/li>\n\n\n\t\n\n<li style=\"font-style: italic;\">We\u00f6res S\u00e1ndor: T\u00e1ncol a Hold<\/li>\n\n\n\t\n\n<li style=\"font-style: italic;\">We\u00f6res S\u00e1ndor: Pletyk\u00e1z\u00f3 asszonyok<\/li>\n\n\n\t\n\n<li style=\"font-style: italic;\">We\u00f6res S\u00e1ndor: Buba \u00e9neke<\/li>\n\n\n<\/ol>\n\n\n<\/div>\n\n\n\n\n<div style=\"clear: both;\">\u00a0<\/div>\n\n\n\n\n<div style=\"width: 50%; text-align: left; float: left;\">\n\n\n<p style=\"font-weight: bold;\">Szerz\u0151k:<\/p>\n\n\n\n\n<p style=\"font-style: italic;\"><strong>Lakner Tam\u00e1s<\/strong>: A1, 3, 6, 9, B1, 2, 9, 11<\/p>\n\n\n\n\n<p style=\"font-style: italic;\"><strong>Fenyvesi B\u00e9la<\/strong>: A2, 5, 7, 11, B4, 5, 10<\/p>\n\n\n\n\n<p style=\"font-style: italic;\"><strong>Rozs Tam\u00e1s<\/strong>: A4, B7, 8<\/p>\n\n\n\n\n<p style=\"font-style: italic;\"><strong>Horv\u00e1th J\u00f3zsef<\/strong>: A8, B3<\/p>\n\n\n\n\n<p style=\"font-style: italic;\"><strong>Kereszt\u00e9ny B\u00e9la<\/strong>: A10, 12, B6, 8<\/p>\n\n\n\n\n<p style=\"font-style: italic;\"><strong>Snieder J\u00f3zsef<\/strong>, <strong>Szak\u00e1l J\u00f3zsef<\/strong>: B6<\/p>\n\n\n\n\n<p style=\"font-weight: bold;\">K\u00f6zrem\u0171k\u00f6dnek:<\/p>\n\n\n\n\n<p style=\"font-style: italic;\"><strong>Becze G\u00e1bor<\/strong> - nagyb\u0151g\u0151<br \/>\n<strong>Gallai P\u00e9ter<\/strong> - billenty\u0171s hangszerek<br \/>\n<strong>Horv\u00e1th Korn\u00e9l<\/strong> - \u00fct\u0151hangszerek<br \/>\n<strong>Lajdi Tam\u00e1s<\/strong> - \u00e9nek<br \/>\n<strong>P\u00e9terdi P\u00e9ter<\/strong> - billenty\u0171s hangszerek<\/p>\n\n\n\n\n<p>A <strong>Hunyadi J\u00e1nos \u00c1ltal\u00e1nos Iskola k\u00f3rusa<\/strong> (Budapest), <strong>Nits M\u00e1rta<\/strong> vez\u00e9nylet\u00e9vel<\/p>\n\n\n\n\n<p>A hanglemez kiad\u00f3ja a <strong>HUNGAROTON<\/strong><\/p>\n\n\n<\/div>\n\n\n\n\n<div style=\"width: 50%; text-align: left; float: right;\">\n\n\n<p style=\"font-weight: bold;\">B oldal<\/p>\n\n\n\n\n<ol>\n\t\n\n<li style=\"font-style: italic;\">Bukfenc (Mozart ut\u00e1n szabadon)<\/li>\n\n\n\t\n\n<li style=\"font-style: italic;\">We\u00f6res S\u00e1ndor: R\u00f3zsa, r\u00f3zsa<\/li>\n\n\n\t\n\n<li style=\"font-style: italic;\">We\u00f6res S\u00e1ndor: Es\u0151s \u00e9jszaka<\/li>\n\n\n\t\n\n<li style=\"font-style: italic;\">Jean A. Rimbaud: Keny\u00e9rles\u0151k (Kosztol\u00e1nyi Dezs\u0151 ford\u00edt\u00e1sa)<\/li>\n\n\n\t\n\n<li style=\"font-style: italic;\">Szergej Jeszenyin: Foly\u00f3 parton t\u0171z lobog... (Rab Zsuzsa ford\u00edt\u00e1sa)<\/li>\n\n\n\t\n\n<li style=\"font-style: italic;\">P\u00e1l J\u00f3zsef: Malacvigasztal\u00f3<\/li>\n\n\n\t\n\n<li style=\"font-style: italic;\">Szentmih\u00e1lyi Szab\u00f3 P\u00e9ter: P\u00f3k Lajos<\/li>\n\n\n\t\n\n<li style=\"font-style: italic;\">Tamk\u00f3 Sirat\u00f3 K\u00e1roly: Marabu<\/li>\n\n\n\t\n\n<li style=\"font-style: italic;\">Tamk\u00f3 Sirat\u00f3 K\u00e1roly: Szab\u00f3dal<\/li>\n\n\n\t\n\n<li style=\"font-style: italic;\">Fenyvesi B\u00e9la: Sz\u00e9lki\u00e1lt\u00f3-k\u00e1non<\/li>\n\n\n\t\n\n<li style=\"font-style: italic;\">Kik\u00f6sz\u00f6nt\u0151 (Berze Nagy J\u00e1nos gy\u0171jt\u00e9se)<\/li>\n\n\n<\/ol>\n\n\n\n\n<p>Zenei rendez\u0151: <strong>P\u00e9terdi P\u00e9ter<\/strong><\/p>\n\n\n\n\n<p>Hangm\u00e9rn\u00f6k: <strong>Zakari\u00e1s Istv\u00e1n<\/strong><\/p>\n\n\n\n\n<p>Fot\u00f3: <strong>K\u00f6rtv\u00e9lyesi L\u00e1szl\u00f3<\/strong>, <strong>Csonka K\u00e1roly<\/strong><\/p>\n\n\n\n\n<p>Bor\u00edt\u00f3terv: <strong>Tranta J\u00falia<\/strong><\/p>\n\n\n<\/div>\n\n\n\n\n<div style=\"clear: both;\">\u00a0<\/div>\n\n\n<\/div>\n\n\n--><\/p>\n","protected":false},"excerpt":{"rendered":"","protected":false},"author":3,"featured_media":0,"parent":6,"menu_order":22,"comment_status":"open","ping_status":"open","template":"","meta":{"footnotes":"","_links_to":"","_links_to_target":""},"class_list":["post-285","page","type-page","status-publish","hentry"],"rttpg_featured_image_url":null,"rttpg_author":{"display_name":"Fenyvesi B\u00e9la","author_link":"https:\/\/szelkialto.hu\/?author=3"},"rttpg_comment":1,"rttpg_category":null,"rttpg_excerpt":null,"_links":{"self":[{"href":"https:\/\/szelkialto.hu\/index.php?rest_route=\/wp\/v2\/pages\/285","targetHints":{"allow":["GET"]}}],"collection":[{"href":"https:\/\/szelkialto.hu\/index.php?rest_route=\/wp\/v2\/pages"}],"about":[{"href":"https:\/\/szelkialto.hu\/index.php?rest_route=\/wp\/v2\/types\/page"}],"author":[{"embeddable":true,"href":"https:\/\/szelkialto.hu\/index.php?rest_route=\/wp\/v2\/users\/3"}],"replies":[{"embeddable":true,"href":"https:\/\/szelkialto.hu\/index.php?rest_route=%2Fwp%2Fv2%2Fcomments&post=285"}],"version-history":[{"count":6,"href":"https:\/\/szelkialto.hu\/index.php?rest_route=\/wp\/v2\/pages\/285\/revisions"}],"predecessor-version":[{"id":5015,"href":"https:\/\/szelkialto.hu\/index.php?rest_route=\/wp\/v2\/pages\/285\/revisions\/5015"}],"up":[{"embeddable":true,"href":"https:\/\/szelkialto.hu\/index.php?rest_route=\/wp\/v2\/pages\/6"}],"wp:attachment":[{"href":"https:\/\/szelkialto.hu\/index.php?rest_route=%2Fwp%2Fv2%2Fmedia&parent=285"}],"curies":[{"name":"wp","href":"https:\/\/api.w.org\/{rel}","templated":true}]}}

<p><!--


<div style="width: 100%; margin-top: 20px;">


<div style="width: 50%; text-align: left; float: left;"><img loading="lazy" decoding="async" src="images/bukfenc.jpg" alt="" width="180" height="180" border="1" />


<p style="margin-top: 20px;">A felvétel a <strong>HUNGAROTON Rottenbiller Utcai Stúdiójában</strong> készült.</p>


</div>




<div style="width: 50%; text-align: left; float: right;">


<p style="font-weight: bold;">A oldal</p>




<ol>
	

<li style="font-style: italic;">Beköszöntő (Berze Nagy János gyűjtése)</li>


	

<li style="font-style: italic;">Weöres Sándor: Regélő</li>


	

<li style="font-style: italic;">Orbán Ottó: Faállatok</li>


	

<li style="font-style: italic;">Veress Miklós: A zsák és a folt</li>


	

<li style="font-style: italic;">Tamkó Sirató Károly: Kongó-bolt</li>


	

<li style="font-style: italic;">Eörsi István: Hogyan készül a vers?</li>


	

<li style="font-style: italic;">Galambosi László: Színország</li>


	

<li style="font-style: italic;">Tamkó Sirató Károly: Tövi és Hegyi</li>


	

<li style="font-style: italic;">Weöres Sándor: Tavaszköszöntő</li>


	

<li style="font-style: italic;">Weöres Sándor: Táncol a Hold</li>


	

<li style="font-style: italic;">Weöres Sándor: Pletykázó asszonyok</li>


	

<li style="font-style: italic;">Weöres Sándor: Buba éneke</li>


</ol>


</div>




<div style="clear: both;"> </div>




<div style="width: 50%; text-align: left; float: left;">


<p style="font-weight: bold;">Szerzők:</p>




<p style="font-style: italic;"><strong>Lakner Tamás</strong>: A1, 3, 6, 9, B1, 2, 9, 11</p>




<p style="font-style: italic;"><strong>Fenyvesi Béla</strong>: A2, 5, 7, 11, B4, 5, 10</p>




<p style="font-style: italic;"><strong>Rozs Tamás</strong>: A4, B7, 8</p>




<p style="font-style: italic;"><strong>Horváth József</strong>: A8, B3</p>




<p style="font-style: italic;"><strong>Keresztény Béla</strong>: A10, 12, B6, 8</p>




<p style="font-style: italic;"><strong>Snieder József</strong>, <strong>Szakál József</strong>: B6</p>




<p style="font-weight: bold;">Közreműködnek:</p>




<p style="font-style: italic;"><strong>Becze Gábor</strong> - nagybőgő<br />
<strong>Gallai Péter</strong> - billentyűs hangszerek<br />
<strong>Horváth Kornél</strong> - ütőhangszerek<br />
<strong>Lajdi Tamás</strong> - ének<br />
<strong>Péterdi Péter</strong> - billentyűs hangszerek</p>




<p>A <strong>Hunyadi János Általános Iskola kórusa</strong> (Budapest), <strong>Nits Márta</strong> vezényletével</p>




<p>A hanglemez kiadója a <strong>HUNGAROTON</strong></p>


</div>




<div style="width: 50%; text-align: left; float: right;">


<p style="font-weight: bold;">B oldal</p>




<ol>
	

<li style="font-style: italic;">Bukfenc (Mozart után szabadon)</li>


	

<li style="font-style: italic;">Weöres Sándor: Rózsa, rózsa</li>


	

<li style="font-style: italic;">Weöres Sándor: Esős éjszaka</li>


	

<li style="font-style: italic;">Jean A. Rimbaud: Kenyérlesők (Kosztolányi Dezső fordítása)</li>


	

<li style="font-style: italic;">Szergej Jeszenyin: Folyó parton tűz lobog... (Rab Zsuzsa fordítása)</li>


	

<li style="font-style: italic;">Pál József: Malacvigasztaló</li>


	

<li style="font-style: italic;">Szentmihályi Szabó Péter: Pók Lajos</li>


	

<li style="font-style: italic;">Tamkó Sirató Károly: Marabu</li>


	

<li style="font-style: italic;">Tamkó Sirató Károly: Szabódal</li>


	

<li style="font-style: italic;">Fenyvesi Béla: Szélkiáltó-kánon</li>


	

<li style="font-style: italic;">Kiköszöntő (Berze Nagy János gyűjtése)</li>


</ol>




<p>Zenei rendező: <strong>Péterdi Péter</strong></p>




<p>Hangmérnök: <strong>Zakariás István</strong></p>




<p>Fotó: <strong>Körtvélyesi László</strong>, <strong>Csonka Károly</strong></p>




<p>Borítóterv: <strong>Tranta Júlia</strong></p>


</div>




<div style="clear: both;"> </div>


</div>


--></p>

Fenyvesi Béla
