{"id":331,"date":"2011-02-20T07:11:46","date_gmt":"2011-02-20T06:11:46","guid":{"rendered":"https:\/\/szelkialto.hu\/wordpress\/?page_id=331"},"modified":"2022-12-09T11:09:08","modified_gmt":"2022-12-09T10:09:08","slug":"szelkialto-sp-1985","status":"publish","type":"page","link":"https:\/\/szelkialto.hu\/?page_id=331","title":{"rendered":"SZ\u00c9LKI\u00c1LT\u00d3 (SP 1985)"},"content":{"rendered":"<p><!--\n\n\n<div style=\"width: 100%; margin-top: 20px;\">\n\n\n<div style=\"width: 50%; text-align: left; float: left;\"><img loading=\"lazy\" decoding=\"async\" src=\"images\/kislemez.jpg\" alt=\"\" width=\"180\" height=\"180\" border=\"1\" \/>\u00a0\n\n\n\n<p style=\"margin-top: 20px;\">A felv\u00e9telek a <strong>Magyar R\u00e1di\u00f3<\/strong> 20-as st\u00fadi\u00f3j\u00e1ban k\u00e9sz\u00fcltek.<\/p>\n\n\n\n\n<p>Kiad\u00f3: <strong>Hungaroton \u2013 Pepita<\/strong><\/p>\n\n\n\n\n<p>&nbsp;<\/p>\n\n\n<\/div>\n\n\n\n\n<div style=\"width: 50%; text-align: left; float: right;\">\n\n\n<p style=\"font-weight: bold;\">A oldal<\/p>\n\n\n\n\n<p style=\"font-style: italic;\">Fenyvesi B\u00e9la: Lesz-e m\u00e9g mened\u00e9k?<\/p>\n\n\n\n\n<p style=\"font-weight: bold;\">B oldal<\/p>\n\n\n\n\n<p style=\"font-style: italic;\">Ady Endre: Im\u00e1ds\u00e1g h\u00e1bor\u00fa ut\u00e1n (r\u00e9szlet)<\/p>\n\n\n\n\n<p style=\"font-weight: bold;\">Szerz\u0151k:<\/p>\n\n\n\n\n<p style=\"margin-left: 20px; font-style: italic;\"><strong>Fenyvesi B\u00e9la<\/strong>: A oldal<\/p>\n\n\n\n\n<p style=\"margin-left: 20px; font-style: italic;\"><strong>Lakner Tam\u00e1s<\/strong>: B oldal<\/p>\n\n\n\n\n<p style=\"font-weight: bold;\">K\u00f6zrem\u0171k\u00f6dik:<\/p>\n\n\n\n\n<p style=\"margin-left: 20px; font-style: italic;\">Horni\u00e1k N\u00e1ndor - dob<\/p>\n\n\n\n\n<p>Fot\u00f3: <b>T\u00f3th L\u00e1szl\u00f3<\/b><br \/>\nBor\u00edt\u00f3terv: <b>Jarmeczky Istv\u00e1n<\/b><\/p>\n\n\n\n\n<p>&nbsp;<\/p>\n\n\n<\/div>\n\n\n<\/div>\n\n\n--><\/p>\n","protected":false},"excerpt":{"rendered":"","protected":false},"author":3,"featured_media":0,"parent":6,"menu_order":25,"comment_status":"open","ping_status":"open","template":"","meta":{"footnotes":"","_links_to":"","_links_to_target":""},"class_list":["post-331","page","type-page","status-publish","hentry"],"rttpg_featured_image_url":null,"rttpg_author":{"display_name":"Fenyvesi B\u00e9la","author_link":"https:\/\/szelkialto.hu\/?author=3"},"rttpg_comment":4,"rttpg_category":null,"rttpg_excerpt":null,"_links":{"self":[{"href":"https:\/\/szelkialto.hu\/index.php?rest_route=\/wp\/v2\/pages\/331","targetHints":{"allow":["GET"]}}],"collection":[{"href":"https:\/\/szelkialto.hu\/index.php?rest_route=\/wp\/v2\/pages"}],"about":[{"href":"https:\/\/szelkialto.hu\/index.php?rest_route=\/wp\/v2\/types\/page"}],"author":[{"embeddable":true,"href":"https:\/\/szelkialto.hu\/index.php?rest_route=\/wp\/v2\/users\/3"}],"replies":[{"embeddable":true,"href":"https:\/\/szelkialto.hu\/index.php?rest_route=%2Fwp%2Fv2%2Fcomments&post=331"}],"version-history":[{"count":7,"href":"https:\/\/szelkialto.hu\/index.php?rest_route=\/wp\/v2\/pages\/331\/revisions"}],"predecessor-version":[{"id":5005,"href":"https:\/\/szelkialto.hu\/index.php?rest_route=\/wp\/v2\/pages\/331\/revisions\/5005"}],"up":[{"embeddable":true,"href":"https:\/\/szelkialto.hu\/index.php?rest_route=\/wp\/v2\/pages\/6"}],"wp:attachment":[{"href":"https:\/\/szelkialto.hu\/index.php?rest_route=%2Fwp%2Fv2%2Fmedia&parent=331"}],"curies":[{"name":"wp","href":"https:\/\/api.w.org\/{rel}","templated":true}]}}

SZÉLKIÁLTÓ (SP 1985)

<p><!--


<div style="width: 100%; margin-top: 20px;">


<div style="width: 50%; text-align: left; float: left;"><img loading="lazy" decoding="async" src="images/kislemez.jpg" alt="" width="180" height="180" border="1" /> 



<p style="margin-top: 20px;">A felvételek a <strong>Magyar Rádió</strong> 20-as stúdiójában készültek.</p>




<p>Kiadó: <strong>Hungaroton – Pepita</strong></p>




<p>&nbsp;</p>


</div>




<div style="width: 50%; text-align: left; float: right;">


<p style="font-weight: bold;">A oldal</p>




<p style="font-style: italic;">Fenyvesi Béla: Lesz-e még menedék?</p>




<p style="font-weight: bold;">B oldal</p>




<p style="font-style: italic;">Ady Endre: Imádság háború után (részlet)</p>




<p style="font-weight: bold;">Szerzők:</p>




<p style="margin-left: 20px; font-style: italic;"><strong>Fenyvesi Béla</strong>: A oldal</p>




<p style="margin-left: 20px; font-style: italic;"><strong>Lakner Tamás</strong>: B oldal</p>




<p style="font-weight: bold;">Közreműködik:</p>




<p style="margin-left: 20px; font-style: italic;">Horniák Nándor - dob</p>




<p>Fotó: <b>Tóth László</b><br />
Borítóterv: <b>Jarmeczky István</b></p>




<p>&nbsp;</p>


</div>


</div>


--></p>

Fenyvesi Béla
