{"id":397,"date":"2011-02-20T08:56:50","date_gmt":"2011-02-20T07:56:50","guid":{"rendered":"https:\/\/szelkialto.hu\/wordpress\/?page_id=397"},"modified":"2022-12-09T15:51:37","modified_gmt":"2022-12-09T14:51:37","slug":"buval-vigalommal-cd-mc-2001","status":"publish","type":"page","link":"https:\/\/szelkialto.hu\/?page_id=397","title":{"rendered":"B\u00daVAL, VIGALOMMAL&#8230; (CD\/MC 2001)"},"content":{"rendered":"<p><!--\n\n\n<div style=\"width: 100%; margin-top: 20px;\">\n\n\n<div style=\"width: 50%; text-align: left; float: left;\"><img loading=\"lazy\" decoding=\"async\" src=\"images\/ujbuval.jpg\" alt=\"\" width=\"180\" height=\"180\" border=\"1\" \/>\n\n\n<p style=\"font-weight: bold; margin-top: 20px;\">A Sz\u00e9lki\u00e1lt\u00f3 egy\u00fcttes:<\/p>\n\n\n\n\n<p style=\"font-weight: bold; font-style: italic;\">Fenyvesi B\u00e9la:<\/p>\n\n\n\n\n<p style=\"margin-left: 20px; font-style: italic;\">git\u00e1r, tamburica, furuly\u00e1k, \u00e9nek<\/p>\n\n\n\n\n<p style=\"font-weight: bold; font-style: italic;\">Kereszt\u00e9ny B\u00e9la:<\/p>\n\n\n\n\n<p style=\"margin-left: 20px; font-style: italic;\">git\u00e1r, ritmushangszerek, casu, \u00e9nek<\/p>\n\n\n\n\n<p style=\"font-weight: bold; font-style: italic;\">Lakner Tam\u00e1s:<\/p>\n\n\n\n\n<p style=\"margin-left: 20px; font-style: italic;\">heged\u0171, git\u00e1r, mandolin, \u00e9nek<\/p>\n\n\n\n\n<p style=\"font-weight: bold; font-style: italic;\">Rozs Tam\u00e1s:<\/p>\n\n\n\n\n<p style=\"margin-left: 20px; font-style: italic;\">nagyb\u0151g\u0151, csell\u00f3, git\u00e1r, \u00e9nek<\/p>\n\n\n\n\n<p style=\"font-weight: bold;\">K\u00f6zrem\u0171k\u00f6dnek:<\/p>\n\n\n\n\n<p style=\"font-weight: bold; font-style: italic;\">Bodor Tibor \"Tesk\u00f3\":<\/p>\n\n\n\n\n<p style=\"margin-left: 20px; font-style: italic;\">harmonika, kelta h\u00e1rfa, bodhr\u00e1n<\/p>\n\n\n\n\n<p style=\"font-weight: bold; font-style: italic;\">Mogyor\u00f3 Gy\u0151z\u0151:<\/p>\n\n\n\n\n<p style=\"margin-left: 20px; font-style: italic;\">derbuka<\/p>\n\n\n\n\n<p style=\"font-weight: bold; font-style: italic;\">P\u00e9terdi P\u00e9ter:<\/p>\n\n\n\n\n<p style=\"margin-left: 20px; font-style: italic;\">orgona<\/p>\n\n\n\n\n<p style=\"font-weight: bold; font-style: italic;\">S\u00e1rk\u00f6zy Gergely:<\/p>\n\n\n\n\n<p style=\"margin-left: 20px; font-style: italic;\">git\u00e1r<\/p>\n\n\n\n\n<p style=\"font-weight: bold; font-style: italic;\">Vir\u00e1gh Tibor:<\/p>\n\n\n\n\n<p style=\"margin-left: 20px; font-style: italic;\">ritmushangszerek<\/p>\n\n\n\n\n<p>A felv\u00e9tel a <strong>ZA-KI hangst\u00fadi\u00f3ban<\/strong> k\u00e9sz\u00fclt, Budapesten, 1998 augusztus\u00e1ban.<\/p>\n\n\n\n\n<p>A lemezt kiadta a <strong>Periferic Records<\/strong><\/p>\n\n\n<\/div>\n\n\n\n\n<div style=\"width: 50%; text-align: left; float: right;\">\n\n\n<p style=\"font-weight: bold;\">Tartalomjegyz\u00e9k:<\/p>\n\n\n\n\n<ol>\n\t\n\n<li>Bek\u00f6sz\u00f6nt\u0151 - n\u00e9pk\u00f6lt\u00e9s<br \/><em>Lakner Tam\u00e1s feld.<\/em><\/li>\n\n\n\t\n\n<li>J\u00f3zsef Attila - Fenyvesi B\u00e9la:<br \/><em>\u00c1ldalak b\u00faval, vigalommal<\/em><\/li>\n\n\n\t\n\n<li>J\u00f3zsef Attila - Rozs Tam\u00e1s:<br \/><em>Jaj, majdnem...<\/em><\/li>\n\n\n\t\n\n<li>J\u00f3zsef Attila - Lakner Tam\u00e1s:<br \/><em>Ha elhagysz...<\/em><\/li>\n\n\n\t\n\n<li>J\u00f3zsef Attila - Lakner Tam\u00e1s:<br \/><em>Mily sz\u00e9p vagy...<\/em><\/li>\n\n\n\t\n\n<li>Robert Burns - Rozs Tam\u00e1s:<br \/><em>Mary Morison<\/em><br \/><em>(Pilinszky J\u00e1nos ford\u00edt\u00e1sa)<\/em><\/li>\n\n\n\t\n\n<li>Galambosi L. - Lakner Tam\u00e1s:<br \/><em>Szeren\u00e1d<\/em><\/li>\n\n\n\t\n\n<li>Ratk\u00f3 J\u00f3zsef - Rozs Tam\u00e1s:<br \/><em>T\u00e1nc<\/em><\/li>\n\n\n\t\n\n<li>Sz\u00e9csi Margit - Fenyvesi B\u00e9la:<br \/><em>K\u00f6lt\u0151 \u00e9s hal\u00e1l<\/em><\/li>\n\n\n\t\n\n<li>Sz\u00e9csi Margit - Fenyvesi B\u00e9la:<br \/><em>Dobsz\u00f3ra<\/em><\/li>\n\n\n\t\n\n<li>\u00c1gh Istv\u00e1n - Lakner Tam\u00e1s:<br \/><em>M\u00e1kgub\u00f3fej\u0171 kakas-husz\u00e1rok<\/em><\/li>\n\n\n\t\n\n<li>K. I. Galczynski - Fenyvesi B\u00e9la:<br \/><em>Tal\u00e1lkoz\u00e1s Chopinnal<\/em><br \/><em>(Kormos Istv\u00e1n ford\u00edt\u00e1sa)<\/em><\/li>\n\n\n\t\n\n<li>Ady Endre - Kereszt\u00e9ny B\u00e9la:<br \/><em>Kar\u00e1csony I.<\/em><br \/><em>(Harang csend\u00fcl...)<\/em><\/li>\n\n\n\t\n\n<li>Bert\u00f3k L\u00e1szl\u00f3 - Fenyvesi B\u00e9la:<br \/><em>Plat\u00f3n ben\u00e9z az ablakon<\/em><\/li>\n\n\n\t\n\n<li>Gy\u0151ri L\u00e1szl\u00f3 - Rozs Tam\u00e1s:<br \/><em>J\u00f6nnek a t\u00f6r\u00f6k\u00f6k<\/em><\/li>\n\n\n\t\n\n<li>A. M. G. Schmid - Fenyvesi B\u00e9la:<br \/><em>A holdlak\u00f3k<\/em><br \/><em>(T\u00f3tfalusi Istv\u00e1n ford\u00edt\u00e1sa)<\/em><\/li>\n\n\n\t\n\n<li>Szepesi Attila - Fenyvesi B\u00e9la:<br \/><em>Sanzon 1952<\/em><\/li>\n\n\n\t\n\n<li>Tarbay Ede - Rozs Tam\u00e1s:<br \/><em>Macskazene<\/em><\/li>\n\n\n\t\n\n<li>Robert Burns - Fenyvesi B\u00e9la:<br \/><em>A sk\u00f3t ital<\/em><br \/><em>(Nagy L\u00e1szl\u00f3 ford\u00edt\u00e1sa)<\/em><\/li>\n\n\n\t\n\n<li>Robert Burns - Kereszt\u00e9ny B\u00e9la:<br \/><em>Most hoci a sz\u00e1ml\u00e1t<\/em><br \/><em>(We\u00f6res S\u00e1ndor ford\u00edt\u00e1sa)<\/em><\/li>\n\n\n\t\n\n<li>Szepesi Attila - Lakner Tam\u00e1s:<br \/><em>Csali dal<\/em><\/li>\n\n\n\t\n\n<li>P\u00e1kolitz Istv\u00e1n - Rozs Tam\u00e1s:<br \/><em>Altat\u00f3<\/em><\/li>\n\n\n\t\n\n<li>Bert\u00f3k L\u00e1szl\u00f3 - Fenyvesi B\u00e9la:<br \/><em>Boldogs\u00e1g-dal<\/em><\/li>\n\n\n<\/ol>\n\n\n\n\n<p>Zenei rendez\u0151 \u00e9s hangm\u00e9rn\u00f6k: <strong>P\u00e9terdi P\u00e9ter<\/strong><\/p>\n\n\n\n\n<p>Fot\u00f3: <strong>M\u00e1nfai Gy\u00f6rgy<\/strong><\/p>\n\n\n<\/div>\n\n\n\n\n<div style=\"clear: both;\">\u00a0<\/div>\n\n\n<\/div>\n\n\n--><\/p>\n","protected":false},"excerpt":{"rendered":"","protected":false},"author":3,"featured_media":0,"parent":6,"menu_order":14,"comment_status":"open","ping_status":"open","template":"","meta":{"footnotes":"","_links_to":"","_links_to_target":""},"class_list":["post-397","page","type-page","status-publish","hentry"],"rttpg_featured_image_url":null,"rttpg_author":{"display_name":"Fenyvesi B\u00e9la","author_link":"https:\/\/szelkialto.hu\/?author=3"},"rttpg_comment":0,"rttpg_category":null,"rttpg_excerpt":null,"_links":{"self":[{"href":"https:\/\/szelkialto.hu\/index.php?rest_route=\/wp\/v2\/pages\/397","targetHints":{"allow":["GET"]}}],"collection":[{"href":"https:\/\/szelkialto.hu\/index.php?rest_route=\/wp\/v2\/pages"}],"about":[{"href":"https:\/\/szelkialto.hu\/index.php?rest_route=\/wp\/v2\/types\/page"}],"author":[{"embeddable":true,"href":"https:\/\/szelkialto.hu\/index.php?rest_route=\/wp\/v2\/users\/3"}],"replies":[{"embeddable":true,"href":"https:\/\/szelkialto.hu\/index.php?rest_route=%2Fwp%2Fv2%2Fcomments&post=397"}],"version-history":[{"count":5,"href":"https:\/\/szelkialto.hu\/index.php?rest_route=\/wp\/v2\/pages\/397\/revisions"}],"predecessor-version":[{"id":5056,"href":"https:\/\/szelkialto.hu\/index.php?rest_route=\/wp\/v2\/pages\/397\/revisions\/5056"}],"up":[{"embeddable":true,"href":"https:\/\/szelkialto.hu\/index.php?rest_route=\/wp\/v2\/pages\/6"}],"wp:attachment":[{"href":"https:\/\/szelkialto.hu\/index.php?rest_route=%2Fwp%2Fv2%2Fmedia&parent=397"}],"curies":[{"name":"wp","href":"https:\/\/api.w.org\/{rel}","templated":true}]}}

BÚVAL, VIGALOMMAL&#8230; (CD/MC 2001)

<p><!--


<div style="width: 100%; margin-top: 20px;">


<div style="width: 50%; text-align: left; float: left;"><img loading="lazy" decoding="async" src="images/ujbuval.jpg" alt="" width="180" height="180" border="1" />


<p style="font-weight: bold; margin-top: 20px;">A Szélkiáltó együttes:</p>




<p style="font-weight: bold; font-style: italic;">Fenyvesi Béla:</p>




<p style="margin-left: 20px; font-style: italic;">gitár, tamburica, furulyák, ének</p>




<p style="font-weight: bold; font-style: italic;">Keresztény Béla:</p>




<p style="margin-left: 20px; font-style: italic;">gitár, ritmushangszerek, casu, ének</p>




<p style="font-weight: bold; font-style: italic;">Lakner Tamás:</p>




<p style="margin-left: 20px; font-style: italic;">hegedű, gitár, mandolin, ének</p>




<p style="font-weight: bold; font-style: italic;">Rozs Tamás:</p>




<p style="margin-left: 20px; font-style: italic;">nagybőgő, cselló, gitár, ének</p>




<p style="font-weight: bold;">Közreműködnek:</p>




<p style="font-weight: bold; font-style: italic;">Bodor Tibor "Teskó":</p>




<p style="margin-left: 20px; font-style: italic;">harmonika, kelta hárfa, bodhrán</p>




<p style="font-weight: bold; font-style: italic;">Mogyoró Győző:</p>




<p style="margin-left: 20px; font-style: italic;">derbuka</p>




<p style="font-weight: bold; font-style: italic;">Péterdi Péter:</p>




<p style="margin-left: 20px; font-style: italic;">orgona</p>




<p style="font-weight: bold; font-style: italic;">Sárközy Gergely:</p>




<p style="margin-left: 20px; font-style: italic;">gitár</p>




<p style="font-weight: bold; font-style: italic;">Virágh Tibor:</p>




<p style="margin-left: 20px; font-style: italic;">ritmushangszerek</p>




<p>A felvétel a <strong>ZA-KI hangstúdióban</strong> készült, Budapesten, 1998 augusztusában.</p>




<p>A lemezt kiadta a <strong>Periferic Records</strong></p>


</div>




<div style="width: 50%; text-align: left; float: right;">


<p style="font-weight: bold;">Tartalomjegyzék:</p>




<ol>
	

<li>Beköszöntő - népköltés<br /><em>Lakner Tamás feld.</em></li>


	

<li>József Attila - Fenyvesi Béla:<br /><em>Áldalak búval, vigalommal</em></li>


	

<li>József Attila - Rozs Tamás:<br /><em>Jaj, majdnem...</em></li>


	

<li>József Attila - Lakner Tamás:<br /><em>Ha elhagysz...</em></li>


	

<li>József Attila - Lakner Tamás:<br /><em>Mily szép vagy...</em></li>


	

<li>Robert Burns - Rozs Tamás:<br /><em>Mary Morison</em><br /><em>(Pilinszky János fordítása)</em></li>


	

<li>Galambosi L. - Lakner Tamás:<br /><em>Szerenád</em></li>


	

<li>Ratkó József - Rozs Tamás:<br /><em>Tánc</em></li>


	

<li>Szécsi Margit - Fenyvesi Béla:<br /><em>Költő és halál</em></li>


	

<li>Szécsi Margit - Fenyvesi Béla:<br /><em>Dobszóra</em></li>


	

<li>Ágh István - Lakner Tamás:<br /><em>Mákgubófejű kakas-huszárok</em></li>


	

<li>K. I. Galczynski - Fenyvesi Béla:<br /><em>Találkozás Chopinnal</em><br /><em>(Kormos István fordítása)</em></li>


	

<li>Ady Endre - Keresztény Béla:<br /><em>Karácsony I.</em><br /><em>(Harang csendül...)</em></li>


	

<li>Bertók László - Fenyvesi Béla:<br /><em>Platón benéz az ablakon</em></li>


	

<li>Győri László - Rozs Tamás:<br /><em>Jönnek a törökök</em></li>


	

<li>A. M. G. Schmid - Fenyvesi Béla:<br /><em>A holdlakók</em><br /><em>(Tótfalusi István fordítása)</em></li>


	

<li>Szepesi Attila - Fenyvesi Béla:<br /><em>Sanzon 1952</em></li>


	

<li>Tarbay Ede - Rozs Tamás:<br /><em>Macskazene</em></li>


	

<li>Robert Burns - Fenyvesi Béla:<br /><em>A skót ital</em><br /><em>(Nagy László fordítása)</em></li>


	

<li>Robert Burns - Keresztény Béla:<br /><em>Most hoci a számlát</em><br /><em>(Weöres Sándor fordítása)</em></li>


	

<li>Szepesi Attila - Lakner Tamás:<br /><em>Csali dal</em></li>


	

<li>Pákolitz István - Rozs Tamás:<br /><em>Altató</em></li>


	

<li>Bertók László - Fenyvesi Béla:<br /><em>Boldogság-dal</em></li>


</ol>




<p>Zenei rendező és hangmérnök: <strong>Péterdi Péter</strong></p>




<p>Fotó: <strong>Mánfai György</strong></p>


</div>




<div style="clear: both;"> </div>


</div>


--></p>

Fenyvesi Béla
