{"id":4308,"date":"2022-11-27T16:29:39","date_gmt":"2022-11-27T15:29:39","guid":{"rendered":"https:\/\/szelkialto.hu\/?page_id=4308"},"modified":"2022-11-30T19:59:04","modified_gmt":"2022-11-30T18:59:04","slug":"regebbi-szelkialto-koncertek","status":"publish","type":"page","link":"https:\/\/szelkialto.hu\/?page_id=4308","title":{"rendered":"R\u00e9gebbi Sz\u00e9lki\u00e1lt\u00f3 koncertek"},"content":{"rendered":"<p>&nbsp;<\/p>\n<p style=\"text-align: center; font-weight: bold;\">V\u00c1LASSZON KI EGY \u00c9VET:*<\/p>\n\n<p>&nbsp;<\/p>\n<p style=\"font-style: italic; font-size: 11px;\">* A koncertlista \u2013 f\u0151leg a honlap 1998-as k\u00e9sz\u00edt\u00e9se el\u0151tti id\u0151kb\u0151l \u2013 meglehet\u0151sen hi\u00e1nyos. Nincsenek pl. 1997-es, 1996-os, 1994-es koncertek a list\u00e1ban, \u00e9s amelyek 1998 el\u0151tt megvannak, azok is itt-ott er\u0151sen hi\u00e1nyosak, att\u00f3l f\u00fcgg\u0151en, hogy melyik \u00e9vi jegyzetf\u00fczet\u00fcnk maradt meg, melyik szerz\u0151d\u00e9st tal\u00e1ltuk meg az arch\u00edvumban a honlap \u00e9s a koncert adatb\u00e1zis elk\u00e9sz\u00edt\u00e9se idej\u00e9n. Mivel a zenekari becsl\u00e9sek szerint \u00fagy ~3.200 koncert\u00fcnk lehetett az egy\u00fcttes t\u00f6rt\u00e9nete sor\u00e1n, \u00edgy azt mondhatjuk, hogy sajnos a koncert adatoknak majdnem a fele hi\u00e1nyzik.<\/p>\n","protected":false},"excerpt":{"rendered":"<p>&nbsp; V\u00c1LASSZON KI EGY \u00c9VET:* &nbsp; * A koncertlista \u2013 f\u0151leg a honlap 1998-as k\u00e9sz\u00edt\u00e9se el\u0151tti id\u0151kb\u0151l \u2013 meglehet\u0151sen hi\u00e1nyos. Nincsenek pl. 1997-es, 1996-os, 1994-es koncertek a list\u00e1ban, \u00e9s amelyek 1998 el\u0151tt megvannak, azok is itt-ott er\u0151sen hi\u00e1nyosak, att\u00f3l f\u00fcgg\u0151en,&#46;&#46;&#46;<\/p>\n","protected":false},"author":3,"featured_media":0,"parent":0,"menu_order":5,"comment_status":"open","ping_status":"closed","template":"","meta":{"footnotes":"","_links_to":"","_links_to_target":""},"class_list":["post-4308","page","type-page","status-publish","hentry"],"rttpg_featured_image_url":null,"rttpg_author":{"display_name":"Fenyvesi B\u00e9la","author_link":"https:\/\/szelkialto.hu\/?author=3"},"rttpg_comment":2,"rttpg_category":null,"rttpg_excerpt":"&nbsp; V\u00c1LASSZON KI EGY \u00c9VET:* &nbsp; * A koncertlista \u2013 f\u0151leg a honlap 1998-as k\u00e9sz\u00edt\u00e9se el\u0151tti id\u0151kb\u0151l \u2013 meglehet\u0151sen hi\u00e1nyos. Nincsenek pl. 1997-es, 1996-os, 1994-es koncertek a list\u00e1ban, \u00e9s amelyek 1998 el\u0151tt megvannak, azok is itt-ott er\u0151sen hi\u00e1nyosak, att\u00f3l f\u00fcgg\u0151en,&#46;&#46;&#46;","_links":{"self":[{"href":"https:\/\/szelkialto.hu\/index.php?rest_route=\/wp\/v2\/pages\/4308","targetHints":{"allow":["GET"]}}],"collection":[{"href":"https:\/\/szelkialto.hu\/index.php?rest_route=\/wp\/v2\/pages"}],"about":[{"href":"https:\/\/szelkialto.hu\/index.php?rest_route=\/wp\/v2\/types\/page"}],"author":[{"embeddable":true,"href":"https:\/\/szelkialto.hu\/index.php?rest_route=\/wp\/v2\/users\/3"}],"replies":[{"embeddable":true,"href":"https:\/\/szelkialto.hu\/index.php?rest_route=%2Fwp%2Fv2%2Fcomments&post=4308"}],"version-history":[{"count":18,"href":"https:\/\/szelkialto.hu\/index.php?rest_route=\/wp\/v2\/pages\/4308\/revisions"}],"predecessor-version":[{"id":4327,"href":"https:\/\/szelkialto.hu\/index.php?rest_route=\/wp\/v2\/pages\/4308\/revisions\/4327"}],"wp:attachment":[{"href":"https:\/\/szelkialto.hu\/index.php?rest_route=%2Fwp%2Fv2%2Fmedia&parent=4308"}],"curies":[{"name":"wp","href":"https:\/\/api.w.org\/{rel}","templated":true}]}}

Régebbi Szélkiáltó koncertek

<p>&nbsp;</p>
<p style="text-align: center; font-weight: bold;">VÁLASSZON KI EGY ÉVET:*</p>

<p>&nbsp;</p>
<p style="font-style: italic; font-size: 11px;">* A koncertlista – főleg a honlap 1998-as készítése előtti időkből – meglehetősen hiányos. Nincsenek pl. 1997-es, 1996-os, 1994-es koncertek a listában, és amelyek 1998 előtt megvannak, azok is itt-ott erősen hiányosak, attól függően, hogy melyik évi jegyzetfüzetünk maradt meg, melyik szerződést találtuk meg az archívumban a honlap és a koncert adatbázis elkészítése idején. Mivel a zenekari becslések szerint úgy ~3.200 koncertünk lehetett az együttes története során, így azt mondhatjuk, hogy sajnos a koncert adatoknak majdnem a fele hiányzik.</p>

<p>&nbsp; VÁLASSZON KI EGY ÉVET:* &nbsp; * A koncertlista – főleg a honlap 1998-as készítése előtti időkből – meglehetősen hiányos. Nincsenek pl. 1997-es, 1996-os, 1994-es koncertek a listában, és amelyek 1998 előtt megvannak, azok is itt-ott erősen hiányosak, attól függően,&#46;&#46;&#46;</p>

Fenyvesi Béla

&nbsp; VÁLASSZON KI EGY ÉVET:* &nbsp; * A koncertlista – főleg a honlap 1998-as készítése előtti időkből – meglehetősen hiányos. Nincsenek pl. 1997-es, 1996-os, 1994-es koncertek a listában, és amelyek 1998 előtt megvannak, azok is itt-ott erősen hiányosak, attól függően,&#46;&#46;&#46;
