{"id":662,"date":"2011-02-23T19:14:10","date_gmt":"2011-02-23T18:14:10","guid":{"rendered":"https:\/\/szelkialto.hu\/wordpress\/?page_id=662"},"modified":"2022-12-07T19:32:57","modified_gmt":"2022-12-07T18:32:57","slug":"unnepeink","status":"publish","type":"page","link":"https:\/\/szelkialto.hu\/?page_id=662","title":{"rendered":"\u00dcNNEPEINK (3 CD 2008)"},"content":{"rendered":"<p><!--\n\n\n<div style=\"width: 100%; margin-top: 10px;\">\n\n\n<div style=\"width: 45%; text-align: left; float: left\">\n<img decoding=\"async\" src=\"images\/unnepeink.jpg\" width=\"180\" border=\"1\"\/>\n\n\n<p style=\"margin-top: 20px;\">\n\t\t\tKiad\u00f3: <strong>Etnofon<\/strong><br \/>\n\t\t\tMegjelen\u00e9s \u00e9ve: <strong>2008<\/strong><br \/>\n\t\t\tJ\u00e1t\u00e9kid\u0151: <strong>55:44<\/strong>, <strong>53:22<\/strong>, <strong>55:12<\/strong>\n\t\t<\/p>\n\n\n\n\n<p>\n\t\t\tSzerkesztette: <strong>Cseh Tam\u00e1s<\/strong>, <strong>P\u00e9terdi P\u00e9ter<\/strong>, <strong>Vakler Anna<\/strong><br \/>\n\t\t\tFeldolgoz\u00e1sok: <strong>P\u00e9terdi P\u00e9ter<\/strong>\n\t\t<\/p>\n\n\n\n\n<p>\n\t\t\tCD extra a dalok nyomtathat\u00f3, teljes sz\u00f6veg\u00e9vel \u00e9s jegyzeteivel<\/p>\n\n\n\n\n<p style=\"font-weight: bold;\">\n\t\t\tK\u00f6zrem\u0171k\u00f6d\u0151 zen\u00e9szek, zenekarok:\n\t\t<\/p>\n\n\n\n\n<p style=\"margin-left: 20px; font-style: italic;\">\n\t\t\tAbai P\u00e1vak\u00f6r, Bekecs, Bereg Citeraegy\u00fcttes, Bolya M\u00e1ty\u00e1s, Bor\u00f3ka \u00c9nekegy\u00fcttes, Budapesti \u00c9nekes Iskola, Cseh Tam\u00e1s, Cserfes \u00c9nekegy\u00fcttes, Csutkabab\u00e1k \u00c9nekegy\u00fcttes, Enyedi \u00c1gnes, Eredics Salamon, F\u00e1bi\u00e1n \u00c9va, Feh\u00e9rv\u00e1ri \u00c9nekes M\u0171hely, Fiasty\u00fak \u00c9nekegy\u00fcttes, Gombai Tam\u00e1s, Gy\u00f6re D\u00e1vid, Het\u00e9nyi Mil\u00e1n, Holecz Istv\u00e1nn\u00e9 Kany\u00f3 Margit, Horv\u00e1ti Kata, Ispil\u00e1ng \u00c9nekegy\u00fcttes, J\u00e1nosi egy\u00fcttes, Juh\u00e1sz D\u00e9nes, Juh\u00e1sz Katalin, Juh\u00e1sz Zolt\u00e1n, Kal\u00e1ka, Kalamajka, K\u00e1tay Zolt\u00e1n, Kiss Ferenc, Kobzos Kiss Tam\u00e1s, Maczk\u00f3 M\u00e1ria, Majorosi Marianna, Meszerics Andr\u00e1s, Nagy Zolt\u00e1n, \u00d3budai N\u00e9pzeneiskola n\u00f6vend\u00e9kei, P\u00e1l Istv\u00e1n, P\u00e9terdi P\u00e9ter, Rutafa \u00c9nekegy\u00fcttes, Szab\u00f3 Katica, Szab\u00f3 M\u00e1rton, Szab\u00f3 Zolt\u00e1n, Sz\u00e9les Andr\u00e1s, <span id=\"text-bold\" style=\"color: red; font-style: italic;\">Sz\u00e9lki\u00e1lt\u00f3<\/span>, Szokolay \u201eDong\u00f3\u201d Bal\u00e1zs, Szvor\u00e1k Katalin, T. Horv\u00e1th J\u00f3zsef, T\u00e1rnoki Beatrix, T\u00e9ka, Tilink\u00f3, Turai \u00c9nekmond\u00f3k, Vakler Anna, Vedres Csaba, Vill\u0151 \u00c9nekegy\u00fcttes, Vujicsics, \u00e9s m\u00e9g sokan m\u00e1sok\u2026\n\t\t<\/p>\n\n\n<\/div>\n\n\n\n\n<div style=\"width: 50%; text-align: left; float: right;\">\n\n\n<p style=\"font-weight: bold;\">\n\t\t\tI. CD<\/p>\n\n\n\n\n<div style=\"font-weight: bold; font-style: italic;\">\n\t\t\t\t\u0150sz, borosn\u00f3t\u00e1k, advent, diszn\u00f3tor, kar\u00e1csony\n\t\t\t<\/div>\n\n\n\n\n\n<p style=\"font-style: italic;\">\n\t\t\t&nbsp;&nbsp;1. De mit t\u00f6r\u00f6m fejemet...<br \/>\n\t\t\t&nbsp;&nbsp;2. Andr\u00e1s nap ut\u00e1n az id\u0151...<br \/>\n\t\t\t&nbsp;&nbsp;<span style=\"color: red; font-style: italic; font-weight: bold;\">3. Bort iszunk mi...<\/span><br \/>\n\t\t\t&nbsp;&nbsp;4. Gyer\u00fcnk innen m\u00e1shoz is<br \/>\n\t\t\t&nbsp;&nbsp;<span style=\"color: red; font-style: italic; font-weight: bold;\">5. V\u00f6r\u00f6sbor nem dr\u00e1ga...<\/span><br \/>\n\t\t\t&nbsp;&nbsp;<span style=\"color: red; font-style: italic; font-weight: bold;\">6. Ez ivott, az ivott...<\/span><br \/>\n\t\t\t&nbsp;&nbsp;<span style=\"color: red; font-style: italic; font-weight: bold;\">7. Kicsiny a hord\u00f3cska;<\/span><br \/>\n\t\t\t&nbsp;&nbsp;<span style=\"color: red; font-style: italic; font-weight: bold; margin-left: 15px;\">Mikor No\u00e9...<\/span><br \/>\n\t\t\t&nbsp;&nbsp;8. Ki asztalt ter\u00edtett...<br \/>\n\t\t\t&nbsp;&nbsp;9. Jaj, de b\u00fasan s\u00fct az \u0151szi nap<br \/>\n\t\t\t&nbsp;&nbsp;<span style=\"font-style: italic; margin-left: 15px;\">sug\u00e1ra...<\/span><br \/>\n\t\t\t10. \u0150sz az id\u0151, k\u00f6d\u00f6s nagyon...<br \/>\n\t\t\t11. Z\u00f6ld erd\u0151 harmatj\u00e1t...<br \/>\n\t\t\t12. Veni Redemptor gentium...<br \/>\n\t\t\t<span style=\"color: red; font-style: italic; font-weight: bold;\">13. Mint a sz\u00e9p h\u00edves patakra...<\/span><br \/>\n\t\t\t14. Luca, Luca, kitty, kotty...<br \/>\n\t\t\t15. Mennyb\u0151l j\u00f6tt\u00fcnk tihozz\u00e1tok<br \/>\n\t\t\t16. Diszn\u00f3toros mulats\u00e1g<br \/>\n\t\t\t17. Moldvai guzsalyas dalok<br \/>\n\t\t\t18. Kar\u00e1csonyi k\u00e1nt\u00e1l\u00e1s\n\t\t<\/p>\n\n\n\n\n<p style=\"font-weight: bold;\">\n\t\t\tII. CD<\/p>\n\n\n\n\n<div style=\"font-style: italic; font-weight: bold;\">\n\t\t\t\tN\u00e9vnapk\u00f6sz\u00f6nt\u0151k, farsang, tavasz, szerelem, lakodalom\n\t\t\t<\/div>\n\n\n\n\n\n<p style=\"font-style: italic;\">\n\t\t\t&nbsp;&nbsp;1. J\u00e1nosnapi k\u00f6sz\u00f6nt\u0151<br \/>\n\t\t\t&nbsp;&nbsp;2. No, \u00edm sereg, \u00edm j\u00f3 est\u00e9t...<br \/>\n\t\t\t&nbsp;&nbsp;3. Elj\u00f6ttek a m\u00fazs\u00e1k...<br \/>\n\t\t\t&nbsp;&nbsp;4. \u00daj\u00e9vk\u00f6sz\u00f6nt\u0151<br \/>\n\t\t\t&nbsp;&nbsp;5. H\u00e1romkir\u00e1ly j\u00e1r\u00e1s<br \/>\n\t\t\t&nbsp;&nbsp;6. Hipp, hopp, farsang...<br \/>\n\t\t\t&nbsp;&nbsp;7. A-a-a, a farsangi napokban<br \/>\n\t\t\t&nbsp;&nbsp;8. Ha meghalok, \u00fcrm\u00f6s borba<br \/>\n\t\t\t&nbsp;&nbsp;<span style=\"font-style: italic; margin-left: 15px;\">temessenek...<\/span><br \/>\n\t\t\t&nbsp;&nbsp;9. Az igaz Messi\u00e1s...<br \/>\n\t\t\t10. B\u00fajj, b\u00fajj, z\u00f6ld \u00e1g...<br \/>\n\t\t\t11. Somogyi szerelmi dalok<br \/>\n\t\t\t12. Dr\u00e1va sz\u00e9l\u00e9n lakom...<br \/>\n\t\t\t13. Nem k\u00edv\u00e1nok egy\u00e9b \u00e1tkot...<br \/>\n\t\t\t14. B\u0151g a b\u00e1r\u00e1ny az erd\u0151ben...<br \/>\n\t\t\t15. Szeress, r\u00f3zs\u00e1m...<br \/>\n\t\t\t16. Mez\u0151s\u00e9gi mulats\u00e1g\n\t\t<\/p>\n\n\n\n\n<p style=\"font-weight: bold;\">\n\t\t\tIII. CD<\/p>\n\n\n\n\n<div style=\"font-style: italic; font-weight: bold;\">\n\t\t\t\tKatonasors, hit\u00e9let, felt\u00e1mad\u00e1s, foh\u00e1szok\n\t\t\t<\/div>\n\n\n\n\n\n<p style=\"font-style: italic;\">\n\t\t\t&nbsp;&nbsp;1. Hallgass\u00e1tok meg, magyarim...<br \/>\n\t\t\t&nbsp;&nbsp;2. Debrecent\u0151l nincsen messze a<br \/>\n\t\t\t&nbsp;&nbsp;<span style=\"font-style: italic; margin-left: 15px;\">vas\u00fat...<\/span><br \/>\n\t\t\t&nbsp;&nbsp;3. St\u00e1jer t\u00e1nc<br \/>\n\t\t\t&nbsp;&nbsp;4. Mikor katon\u00e1v\u00e1 lettem...<br \/>\n\t\t\t&nbsp;&nbsp;5. Kicsi az orsz\u00e1g, sok a katona...<br \/>\n\t\t\t&nbsp;&nbsp;6. M. Praetorius:<br \/>\n\t\t\t&nbsp;&nbsp;<span style=\"font-style: italic; margin-left: 15px;\">J\u00f6jj, n\u00e9pek megv\u00e1lt\u00f3ja...<\/span><br \/>\n\t\t\t&nbsp;&nbsp;7. Aranymiaty\u00e1nk<br \/>\n\t\t\t&nbsp;&nbsp;8. M\u00e1ria, M\u00e1ria...<br \/>\n\t\t\t&nbsp;&nbsp;9. Felt\u00e1madt Krisztus<br \/>\n\t\t\t10. Felt\u00e1madt Krisztus ez napon...<br \/>\n\t\t\t11. Tebenned b\u00edztunk eleit\u0151l fogva...<br \/>\n\t\t\t12. Cs\u00edksomly\u00f3i b\u00facs\u00fas \u00e9nek<br \/>\n\t\t\t13. T\u00fczit megrakatja vir\u00e1gos Szent<br \/>\n\t\t\t<span style=\"font-style: italic; margin-left: 15px;\">J\u00e1nos...<\/span><br \/>\n\t\t\t14. K\u00f6sz\u00f6n\u00f6m j\u00f3s\u00e1god...<br \/>\n\t\t\t15. Arass, r\u00f3zs\u00e1m, arass...<br \/>\n\t\t\t16. Az Isten \u00e1ld\u00e1sa sz\u00e1lljon erre h\u00e1zra...<br \/>\n\t\t\t<span style=\"color: red; font-style: italic; font-weight: bold;\">17. \u00d3, Szent Istv\u00e1n dics\u00e9rtess\u00e9l...<\/span><br \/>\n\t\t\t18. Boldogasszony Any\u00e1nk\n\t\t<\/p>\n\n\n<\/div>\n\n\n\n\n<div style=\"clear: both;\"><\/div>\n\n\n<\/div>\n\n\n--><\/p>\n","protected":false},"excerpt":{"rendered":"","protected":false},"author":3,"featured_media":0,"parent":646,"menu_order":7,"comment_status":"open","ping_status":"open","template":"","meta":{"footnotes":"","_links_to":"","_links_to_target":""},"class_list":["post-662","page","type-page","status-publish","hentry"],"rttpg_featured_image_url":null,"rttpg_author":{"display_name":"Fenyvesi B\u00e9la","author_link":"https:\/\/szelkialto.hu\/?author=3"},"rttpg_comment":0,"rttpg_category":null,"rttpg_excerpt":null,"_links":{"self":[{"href":"https:\/\/szelkialto.hu\/index.php?rest_route=\/wp\/v2\/pages\/662","targetHints":{"allow":["GET"]}}],"collection":[{"href":"https:\/\/szelkialto.hu\/index.php?rest_route=\/wp\/v2\/pages"}],"about":[{"href":"https:\/\/szelkialto.hu\/index.php?rest_route=\/wp\/v2\/types\/page"}],"author":[{"embeddable":true,"href":"https:\/\/szelkialto.hu\/index.php?rest_route=\/wp\/v2\/users\/3"}],"replies":[{"embeddable":true,"href":"https:\/\/szelkialto.hu\/index.php?rest_route=%2Fwp%2Fv2%2Fcomments&post=662"}],"version-history":[{"count":4,"href":"https:\/\/szelkialto.hu\/index.php?rest_route=\/wp\/v2\/pages\/662\/revisions"}],"predecessor-version":[{"id":4790,"href":"https:\/\/szelkialto.hu\/index.php?rest_route=\/wp\/v2\/pages\/662\/revisions\/4790"}],"up":[{"embeddable":true,"href":"https:\/\/szelkialto.hu\/index.php?rest_route=\/wp\/v2\/pages\/646"}],"wp:attachment":[{"href":"https:\/\/szelkialto.hu\/index.php?rest_route=%2Fwp%2Fv2%2Fmedia&parent=662"}],"curies":[{"name":"wp","href":"https:\/\/api.w.org\/{rel}","templated":true}]}}