{"id":921,"date":"2011-02-27T07:03:11","date_gmt":"2011-02-27T07:03:11","guid":{"rendered":"https:\/\/szelkialto.hu\/?page_id=921"},"modified":"2022-12-06T08:29:33","modified_gmt":"2022-12-06T07:29:33","slug":"kottak","status":"publish","type":"page","link":"https:\/\/szelkialto.hu\/?page_id=921","title":{"rendered":"KOTT\u00c1K"},"content":{"rendered":"<div style=\"width: 100%; margin-top: 20px;\">\n<p style=\"text-align: justify;\">Az Im\u00e1ds\u00e1g h\u00e1bor\u00fa ut\u00e1n c. dal kott\u00e1ja a szegedi <a href=\"http:\/\/www.szepi.hu\/\" target=\"_blank\" rel=\"noopener noreferrer\"><b>Dugonics Andr\u00e1s Piarista Gimn\u00e1zium<\/b><\/a> oldal\u00e1n tal\u00e1lhat\u00f3 \u00e9s Sz\u00e1sz Imre munk\u00e1j\u00e1t d\u00edcs\u00e9ri.<\/p>\n<p style=\"text-align: justify;\">A kott\u00e1k a <a href=\"http:\/\/musescore.org\" target=\"_blank\" rel=\"noopener noreferrer\"><b>Musescore<\/b><\/a> ny\u00edlt forr\u00e1sk\u00f3d\u00fa, ingyenesen <a href=\"http:\/\/musescore.org\/hu\/let%C3%B6lt%C3%A9s\" target=\"_blank\" rel=\"noopener noreferrer\"><b>let\u00f6lthet\u0151<\/b><\/a> programmal k\u00e9sz\u00fcltek.<\/p>\n<\/div>\n<div style=\"width: 100%; margin: auto;\">\n<div style=\"width: 49%; font-weight: bold; text-align: right; float: left;\">Detlef von Liliencron:<\/div>\n<div style=\"width: 49%; text-align: left; float: right;\"><a href=\"kottak\/bolcsodal.pdf\" target=\"_blank\" rel=\"noopener noreferrer\"><b>B\u00f6lcs\u0151dal<\/b><\/a><\/div>\n<div style=\"height: 5px; clear: both;\">\u00a0<\/div>\n<div style=\"width: 49%; font-weight: bold; text-align: right; float: left;\">Ady Endre:<\/div>\n<div style=\"width: 49%; text-align: left; float: right;\"><a href=\"http:\/\/www.szepi.hu\/nota\/kedvenc\/p219.gif\" target=\"_blank\" rel=\"noopener noreferrer\"><b>Im\u00e1ds\u00e1g h\u00e1bor\u00fa ut\u00e1n<\/b><\/a><\/div>\n<div style=\"height: 5px; clear: both;\">\u00a0<\/div>\n<div style=\"width: 49%; font-weight: bold; text-align: right; float: left;\">Balassi B\u00e1lint:<\/div>\n<div style=\"width: 49%; text-align: left; float: right;\"><a href=\"kottak\/celiahoz.pdf\" target=\"_blank\" rel=\"noopener noreferrer\"><b>Celi\u00e1hoz<\/b><\/a><br \/>\n<a href=\"zene\/celiahoz.mp3\" target=\"_blank\" rel=\"noopener noreferrer\"><em>(belehallgat\u00e1s)<\/em><\/a><\/div>\n<div style=\"height: 5px; clear: both;\">\u00a0<\/div>\n<div style=\"width: 49%; font-weight: bold; text-align: right; float: left;\">Bert\u00f3k L\u00e1szl\u00f3:<\/div>\n<div style=\"width: 49%; text-align: left; float: right;\"><a href=\"kottak\/boldogsag-dal.pdf\" target=\"_blank\" rel=\"noopener noreferrer\"><b>Boldogs\u00e1g-dal<\/b><\/a><br \/>\n<a href=\"zene\/boldogsag.mp3\" target=\"_blank\" rel=\"noopener noreferrer\"><em>(belehallgat\u00e1s)<\/em><\/a><\/div>\n<div style=\"height: 5px; clear: both;\">\u00a0<\/div>\n<div style=\"width: 49%; font-weight: bold; text-align: right; float: left;\">Fenyvesi B\u00e9la:<\/div>\n<div style=\"width: 49%; text-align: left; float: right;\"><a href=\"kottak\/lesz-e_meg_menedek.pdf\" target=\"_blank\" rel=\"noopener noreferrer\"><b>Lesz-e m\u00e9g mened\u00e9k?<\/b><\/a><br \/>\n<a href=\"zene\/lesz-e_meg_menedek.mp3\" target=\"_blank\" rel=\"noopener noreferrer\"><em>(belehallgat\u00e1s)<\/em><\/a><\/div>\n<div style=\"height: 5px; clear: both;\">\u00a0<\/div>\n<div style=\"width: 49%; font-weight: bold; text-align: right; float: left;\">Fenyvesi B\u00e9la:<\/div>\n<div style=\"width: 49%; text-align: left; float: right;\"><a href=\"kottak\/szelkialto_kanon.pdf\" target=\"_blank\" rel=\"noopener noreferrer\"><b>Sz\u00e9lki\u00e1lt\u00f3 k\u00e1non<\/b><\/a><br \/>\n<a href=\"zene\/szelkialto_kanon.mp3\" target=\"_blank\" rel=\"noopener noreferrer\"><em>(belehallgat\u00e1s)<\/em><\/a><\/div>\n<div style=\"height: 5px; clear: both;\">\u00a0<\/div>\n<div style=\"width: 49%; font-weight: bold; text-align: right; float: left;\">Galambosi L\u00e1szl\u00f3:<\/div>\n<div style=\"width: 49%; text-align: left; float: right;\"><a href=\"kottak\/gally-tanc.pdf\" target=\"_blank\" rel=\"noopener noreferrer\"><b>Gally-t\u00e1nc<\/b><\/a><br \/>\n<a href=\"zene\/gally-tanc.mp3\" target=\"_blank\" rel=\"noopener noreferrer\"><em>(belehallgat\u00e1s)<\/em><\/a><\/div>\n<div style=\"height: 5px; clear: both;\">\u00a0<\/div>\n<div style=\"width: 49%; font-weight: normal; text-align: right; float: left;\"><b>Szergej Jeszenyin:<\/b><br \/>\n<em>(Rab Zsuzsa ford\u00edt\u00e1sa)<\/em><\/div>\n<div style=\"width: 49%; text-align: left; float: right;\"><a href=\"kottak\/folyoparton.pdf\" target=\"_blank\" rel=\"noopener noreferrer\"><b>Foly\u00f3parton t\u0171z lobog<\/b><\/a><br \/>\n<a href=\"zene\/folyoparton.mp3\" target=\"_blank\" rel=\"noopener noreferrer\"><em>(belehallgat\u00e1s)<\/em><\/a><\/div>\n<div style=\"height: 5px; clear: both;\">\u00a0<\/div>\n<div style=\"width: 49%; font-weight: normal; text-align: right; float: left;\"><b>Janus Pannonius:<\/b><br \/>\n<em>(Illy\u00e9s Gyula ford\u00edt\u00e1sa)<\/em><\/div>\n<div style=\"width: 49%; text-align: left; float: right;\"><a href=\"kottak\/konyorges_az_istenekhez.pdf\" target=\"_blank\" rel=\"noopener noreferrer\"><b>K\u00f6ny\u00f6rg\u00e9s az Istenekhez a t\u00f6r\u00f6k ellen hadba indul\u00f3 M\u00e1ty\u00e1s kir\u00e1ly\u00e9rt<\/b><\/a><br \/>\n<a href=\"zene\/konyorges.mp3\" target=\"_blank\" rel=\"noopener noreferrer\"><em>(belehallgat\u00e1s)<\/em><\/a><\/div>\n<div style=\"height: 5px; clear: both;\">\u00a0<\/div>\n<div style=\"width: 49%; font-weight: normal; text-align: right; float: left;\"><b>Jean Arthur Rimbaud:<\/b><br \/>\n<em>(Kosztol\u00e1nyi Dezs\u0151 ford\u00edt\u00e1sa)<\/em><\/div>\n<div style=\"width: 49%; text-align: left; float: right;\"><a href=\"kottak\/kenyerlesok.pdf\" target=\"_blank\" rel=\"noopener noreferrer\"><b>Keny\u00e9rles\u0151k<\/b><\/a><br \/>\n<a href=\"zene\/kenyerlesok.mp3\" target=\"_blank\" rel=\"noopener noreferrer\"><em>(belehallgat\u00e1s)<\/em><\/a><\/div>\n<div style=\"height: 5px; clear: both;\">\u00a0<\/div>\n<div style=\"width: 49%; font-weight: bold; text-align: right; float: left;\">We\u00f6res S\u00e1ndor:<\/div>\n<div style=\"width: 49%; text-align: left; float: right;\"><a href=\"kottak\/paprikajancsi.pdf\" target=\"_blank\" rel=\"noopener noreferrer\"><b>Paprikajancsi szeren\u00e1dja<\/b><\/a><br \/>\n<a href=\"zene\/paprikajancsi.mp3\" target=\"_blank\" rel=\"noopener noreferrer\"><em>(belehallgat\u00e1s)<\/em><\/a><\/div>\n<div style=\"height: 5px; clear: both;\">\u00a0<\/div>\n<\/div>\n<p><!-- Koncertk\u00e9pek --><\/p>\n<div style=\"width: 440px; margin: auto;\">\n<div style=\"width: 49%; font-weight: bold; text-align: right; float: left;\"><img decoding=\"async\" src=\"images\/koncertkepek07.png\" width=\"200\" border=\"0\" \/><\/div>\n<div style=\"width: 49%; text-align: left; float: right;\"><img decoding=\"async\" src=\"images\/koncertkepek08.png\" width=\"200\" border=\"0\" \/><\/div>\n<div style=\"height: 5px; clear: both;\">\u00a0<\/div>\n<\/div>\n<p><!-- End of Koncertk\u00e9pek --><\/p>\n","protected":false},"excerpt":{"rendered":"<p>Az Im\u00e1ds\u00e1g h\u00e1bor\u00fa ut\u00e1n c. dal kott\u00e1ja a szegedi Dugonics Andr\u00e1s Piarista Gimn\u00e1zium oldal\u00e1n tal\u00e1lhat\u00f3 \u00e9s Sz\u00e1sz Imre munk\u00e1j\u00e1t d\u00edcs\u00e9ri. A kott\u00e1k a Musescore ny\u00edlt forr\u00e1sk\u00f3d\u00fa, ingyenesen let\u00f6lthet\u0151 programmal k\u00e9sz\u00fcltek. Detlef von Liliencron: B\u00f6lcs\u0151dal \u00a0 Ady Endre: Im\u00e1ds\u00e1g h\u00e1bor\u00fa ut\u00e1n&#46;&#46;&#46;<\/p>\n","protected":false},"author":3,"featured_media":0,"parent":0,"menu_order":23,"comment_status":"open","ping_status":"open","template":"","meta":{"footnotes":"","_links_to":"","_links_to_target":""},"class_list":["post-921","page","type-page","status-publish","hentry"],"rttpg_featured_image_url":null,"rttpg_author":{"display_name":"Fenyvesi B\u00e9la","author_link":"https:\/\/szelkialto.hu\/?author=3"},"rttpg_comment":5,"rttpg_category":null,"rttpg_excerpt":"Az Im\u00e1ds\u00e1g h\u00e1bor\u00fa ut\u00e1n c. dal kott\u00e1ja a szegedi Dugonics Andr\u00e1s Piarista Gimn\u00e1zium oldal\u00e1n tal\u00e1lhat\u00f3 \u00e9s Sz\u00e1sz Imre munk\u00e1j\u00e1t d\u00edcs\u00e9ri. A kott\u00e1k a Musescore ny\u00edlt forr\u00e1sk\u00f3d\u00fa, ingyenesen let\u00f6lthet\u0151 programmal k\u00e9sz\u00fcltek. Detlef von Liliencron: B\u00f6lcs\u0151dal \u00a0 Ady Endre: Im\u00e1ds\u00e1g h\u00e1bor\u00fa ut\u00e1n&#46;&#46;&#46;","_links":{"self":[{"href":"https:\/\/szelkialto.hu\/index.php?rest_route=\/wp\/v2\/pages\/921","targetHints":{"allow":["GET"]}}],"collection":[{"href":"https:\/\/szelkialto.hu\/index.php?rest_route=\/wp\/v2\/pages"}],"about":[{"href":"https:\/\/szelkialto.hu\/index.php?rest_route=\/wp\/v2\/types\/page"}],"author":[{"embeddable":true,"href":"https:\/\/szelkialto.hu\/index.php?rest_route=\/wp\/v2\/users\/3"}],"replies":[{"embeddable":true,"href":"https:\/\/szelkialto.hu\/index.php?rest_route=%2Fwp%2Fv2%2Fcomments&post=921"}],"version-history":[{"count":3,"href":"https:\/\/szelkialto.hu\/index.php?rest_route=\/wp\/v2\/pages\/921\/revisions"}],"predecessor-version":[{"id":4484,"href":"https:\/\/szelkialto.hu\/index.php?rest_route=\/wp\/v2\/pages\/921\/revisions\/4484"}],"wp:attachment":[{"href":"https:\/\/szelkialto.hu\/index.php?rest_route=%2Fwp%2Fv2%2Fmedia&parent=921"}],"curies":[{"name":"wp","href":"https:\/\/api.w.org\/{rel}","templated":true}]}}

KOTTÁK

<div style="width: 100%; margin-top: 20px;">
<p style="text-align: justify;">Az Imádság háború után c. dal kottája a szegedi <a href="http://www.szepi.hu/" target="_blank" rel="noopener noreferrer"><b>Dugonics András Piarista Gimnázium</b></a> oldalán található és Szász Imre munkáját dícséri.</p>
<p style="text-align: justify;">A kották a <a href="http://musescore.org" target="_blank" rel="noopener noreferrer"><b>Musescore</b></a> nyílt forráskódú, ingyenesen <a href="http://musescore.org/hu/let%C3%B6lt%C3%A9s" target="_blank" rel="noopener noreferrer"><b>letölthető</b></a> programmal készültek.</p>
</div>
<div style="width: 100%; margin: auto;">
<div style="width: 49%; font-weight: bold; text-align: right; float: left;">Detlef von Liliencron:</div>
<div style="width: 49%; text-align: left; float: right;"><a href="kottak/bolcsodal.pdf" target="_blank" rel="noopener noreferrer"><b>Bölcsődal</b></a></div>
<div style="height: 5px; clear: both;"> </div>
<div style="width: 49%; font-weight: bold; text-align: right; float: left;">Ady Endre:</div>
<div style="width: 49%; text-align: left; float: right;"><a href="http://www.szepi.hu/nota/kedvenc/p219.gif" target="_blank" rel="noopener noreferrer"><b>Imádság háború után</b></a></div>
<div style="height: 5px; clear: both;"> </div>
<div style="width: 49%; font-weight: bold; text-align: right; float: left;">Balassi Bálint:</div>
<div style="width: 49%; text-align: left; float: right;"><a href="kottak/celiahoz.pdf" target="_blank" rel="noopener noreferrer"><b>Celiához</b></a><br />
<a href="zene/celiahoz.mp3" target="_blank" rel="noopener noreferrer"><em>(belehallgatás)</em></a></div>
<div style="height: 5px; clear: both;"> </div>
<div style="width: 49%; font-weight: bold; text-align: right; float: left;">Bertók László:</div>
<div style="width: 49%; text-align: left; float: right;"><a href="kottak/boldogsag-dal.pdf" target="_blank" rel="noopener noreferrer"><b>Boldogság-dal</b></a><br />
<a href="zene/boldogsag.mp3" target="_blank" rel="noopener noreferrer"><em>(belehallgatás)</em></a></div>
<div style="height: 5px; clear: both;"> </div>
<div style="width: 49%; font-weight: bold; text-align: right; float: left;">Fenyvesi Béla:</div>
<div style="width: 49%; text-align: left; float: right;"><a href="kottak/lesz-e_meg_menedek.pdf" target="_blank" rel="noopener noreferrer"><b>Lesz-e még menedék?</b></a><br />
<a href="zene/lesz-e_meg_menedek.mp3" target="_blank" rel="noopener noreferrer"><em>(belehallgatás)</em></a></div>
<div style="height: 5px; clear: both;"> </div>
<div style="width: 49%; font-weight: bold; text-align: right; float: left;">Fenyvesi Béla:</div>
<div style="width: 49%; text-align: left; float: right;"><a href="kottak/szelkialto_kanon.pdf" target="_blank" rel="noopener noreferrer"><b>Szélkiáltó kánon</b></a><br />
<a href="zene/szelkialto_kanon.mp3" target="_blank" rel="noopener noreferrer"><em>(belehallgatás)</em></a></div>
<div style="height: 5px; clear: both;"> </div>
<div style="width: 49%; font-weight: bold; text-align: right; float: left;">Galambosi László:</div>
<div style="width: 49%; text-align: left; float: right;"><a href="kottak/gally-tanc.pdf" target="_blank" rel="noopener noreferrer"><b>Gally-tánc</b></a><br />
<a href="zene/gally-tanc.mp3" target="_blank" rel="noopener noreferrer"><em>(belehallgatás)</em></a></div>
<div style="height: 5px; clear: both;"> </div>
<div style="width: 49%; font-weight: normal; text-align: right; float: left;"><b>Szergej Jeszenyin:</b><br />
<em>(Rab Zsuzsa fordítása)</em></div>
<div style="width: 49%; text-align: left; float: right;"><a href="kottak/folyoparton.pdf" target="_blank" rel="noopener noreferrer"><b>Folyóparton tűz lobog</b></a><br />
<a href="zene/folyoparton.mp3" target="_blank" rel="noopener noreferrer"><em>(belehallgatás)</em></a></div>
<div style="height: 5px; clear: both;"> </div>
<div style="width: 49%; font-weight: normal; text-align: right; float: left;"><b>Janus Pannonius:</b><br />
<em>(Illyés Gyula fordítása)</em></div>
<div style="width: 49%; text-align: left; float: right;"><a href="kottak/konyorges_az_istenekhez.pdf" target="_blank" rel="noopener noreferrer"><b>Könyörgés az Istenekhez a török ellen hadba induló Mátyás királyért</b></a><br />
<a href="zene/konyorges.mp3" target="_blank" rel="noopener noreferrer"><em>(belehallgatás)</em></a></div>
<div style="height: 5px; clear: both;"> </div>
<div style="width: 49%; font-weight: normal; text-align: right; float: left;"><b>Jean Arthur Rimbaud:</b><br />
<em>(Kosztolányi Dezső fordítása)</em></div>
<div style="width: 49%; text-align: left; float: right;"><a href="kottak/kenyerlesok.pdf" target="_blank" rel="noopener noreferrer"><b>Kenyérlesők</b></a><br />
<a href="zene/kenyerlesok.mp3" target="_blank" rel="noopener noreferrer"><em>(belehallgatás)</em></a></div>
<div style="height: 5px; clear: both;"> </div>
<div style="width: 49%; font-weight: bold; text-align: right; float: left;">Weöres Sándor:</div>
<div style="width: 49%; text-align: left; float: right;"><a href="kottak/paprikajancsi.pdf" target="_blank" rel="noopener noreferrer"><b>Paprikajancsi szerenádja</b></a><br />
<a href="zene/paprikajancsi.mp3" target="_blank" rel="noopener noreferrer"><em>(belehallgatás)</em></a></div>
<div style="height: 5px; clear: both;"> </div>
</div>
<p><!-- Koncertképek --></p>
<div style="width: 440px; margin: auto;">
<div style="width: 49%; font-weight: bold; text-align: right; float: left;"><img decoding="async" src="images/koncertkepek07.png" width="200" border="0" /></div>
<div style="width: 49%; text-align: left; float: right;"><img decoding="async" src="images/koncertkepek08.png" width="200" border="0" /></div>
<div style="height: 5px; clear: both;"> </div>
</div>
<p><!-- End of Koncertképek --></p>

<p>Az Imádság háború után c. dal kottája a szegedi Dugonics András Piarista Gimnázium oldalán található és Szász Imre munkáját dícséri. A kották a Musescore nyílt forráskódú, ingyenesen letölthető programmal készültek. Detlef von Liliencron: Bölcsődal   Ady Endre: Imádság háború után&#46;&#46;&#46;</p>

Fenyvesi Béla

Az Imádság háború után c. dal kottája a szegedi Dugonics András Piarista Gimnázium oldalán található és Szász Imre munkáját dícséri. A kották a Musescore nyílt forráskódú, ingyenesen letölthető programmal készültek. Detlef von Liliencron: Bölcsődal   Ady Endre: Imádság háború után&#46;&#46;&#46;
